der when 60 is divided by 16.
12
What is the remainder when 465 is divided by 78?
75
Calculate the remainder when 830 is divided by 28.
18
Calculate the remainder when 207 is divided by 11.
9
Calculate the remainder when 2341 is divided by 93.
16
Calculate the remainder when 22417 is divided by 59.
56
Calculate the remainder when 7 is divided by 1.
0
What is the remainder when 858 is divided by 59?
32
Calculate the remainder when 666 is divided by 217.
15
Calculate the remainder when 13339 is divided by 75.
64
Calculate the remainder when 4571 is divided by 327.
320
What is the remainder when 181 is divided by 75?
31
What is the remainder when 1847 is divided by 154?
153
What is the remainder when 284 is divided by 26?
24
Calculate the remainder when 138 is divided by 70.
68
Calculate the remainder when 4401 is divided by 313.
19
Calculate the remainder when 81 is divided by 21.
18
Calculate the remainder when 366 is divided by 8.
6
Calculate the remainder when 206 is divided by 19.
16
Calculate the remainder when 577 is divided by 39.
31
Calculate the remainder when 481 is divided by 9.
4
What is the remainder when 493 is divided by 126?
115
What is the remainder when 514 is divided by 48?
34
Calculate the remainder when 763 is divided by 246.
25
What is the remainder when 332 is divided by 71?
48
Calculate the remainder when 584 is divided by 39.
38
What is the remainder when 4921 is divided by 13?
7
What is the remainder when 774 is divided by 152?
14
Calculate the remainder when 103 is divided by 31.
10
Calculate the remainder when 45 is divided by 23.
22
Calculate the remainder when 289 is divided by 114.
61
Calculate the remainder when 76 is divided by 31.
14
Calculate the remainder when 27 is divided by 17.
10
What is the remainder when 203 is divided by 104?
99
Calculate the remainder when 10561 is divided by 7.
5
What is the remainder when 663 is divided by 23?
19
What is the remainder when 334 is divided by 8?
6
Calculate the remainder when 127 is divided by 19.
13
Calculate the remainder when 351 is divided by 65.
26
Calculate the remainder when 616 is divided by 207.
202
Calculate the remainder when 7312 is divided by 71.
70
What is the remainder when 178 is divided by 53?
19
Calculate the remainder when 662 is divided by 83.
81
What is the remainder when 208 is divided by 103?
2
Calculate the remainder when 288 is divided by 258.
30
Calculate the remainder when 83 is divided by 12.
11
What is the remainder when 1468 is divided by 32?
28
What is the remainder when 412 is divided by 53?
41
What is the remainder when 177 is divided by 157?
20
Calculate the remainder when 2216 is divided by 60.
56
What is the remainder when 289 is divided by 28?
9
What is the remainder when 222 is divided by 70?
12
What is the remainder when 66 is divided by 18?
12
Calculate the remainder when 2235 is divided by 31.
3
What is the remainder when 12 is divided by 4?
0
Calculate the remainder when 1389 is divided by 48.
45
What is the remainder when 114 is divided by 45?
24
Calculate the remainder when 410 is divided by 21.
11
What is the remainder when 2369 is divided by 15?
14
Calculate the remainder when 3113 is divided by 207.
8
What is the remainder when 471 is divided by 49?
30
Calculate the remainder when 7180 is divided by 4.
0
What is the remainder when 239 is divided by 61?
56
Calculate the remainder when 64 is divided by 14.
8
What is the remainder when 715 is divided by 316?
83
What is the remainder when 2492 is divided by 71?
7
Calculate the remainder when 147 is divided by 51.
45
Calculate the remainder when 78 is divided by 17.
10
What is the remainder when 364 is divided by 25?
14
Calculate the remainder when 260 is divided by 16.
4
What is the remainder when 150 is divided by 21?
3
Calculate the remainder when 113 is divided by 56.
1
What is the remainder when 1435 is divided by 12?
7
Calculate the remainder when 1249 is divided by 372.
133
What is the remainder when 71 is divided by 56?
15
What is the remainder when 2745 is divided by 390?
15
What is the remainder when 10013 is divided by 6?
5
What is the remainder when 37102 is divided by 217?
212
Calculate the remainder when 1298 is divided by 377.
167
What is the remainder when 105 is divided by 58?
47
What is the remainder when 839 is divided by 12?
11
Calculate the remainder when 636 is divided by 213.
210
What is the remainder when 205 is divided by 53?
46
Calculate the remainder when 928 is divided by 78.
70
What is the remainder when 288 is divided by 52?
28
What is the remainder when 2078 is divided by 168?
62
Calculate the remainder when 1368 is divided by 183.
87
What is the remainder when 277 is divided by 69?
1
Calculate the remainder when 86 is divided by 30.
26
What is the remainder when 48839 is divided by 17?
15
What is the remainder when 204 is divided by 23?
20
Calculate the remainder when 1847 is divided by 38.
23
Calculate the remainder when 6818 is divided by 155.
153
What is the remainder when 446 is divided by 26?
4
Calculate the remainder when 3997 is divided by 32.
29
What is the remainder when 118 is divided by 57?
4
Calculate the remainder when 1901 is divided by 8.
5
Calculate the remainder when 726 is divided by 56.
54
What is the remainder when 7943 is divided by 35?
33
Calculate the remainder when 71 is divided by 37.
34
What is the remainder when 1325 is divided by 51?
50
What is the remainder when 19 is divided by 10?
9
Calculate the remainder when 156 is divided by 75.
6
Calculate the remainder when 2801 is divided by 51.
47
Calculate the remainder when 143 is divided by 60.
23
Calculate the remainder when 562 is divided by 27.
22
What is the remainder when 11197 is divided by 5593?
11
What is the remainder when 574 is divided by 40?
14
Calculate the remainder when 650 is divided by 82.
76
What is the remainder when 17 is divided by 10?
7
Calculate the remainder when 332 is divided by 42.
38
Calculate the remainder when 9334 is divided by 14.
10
What is the remainder when 608 is divided by 220?
168
What is the remainder when 655 is divided by 53?
19
What is the remainder when 3634 is divided by 519?
1
What is the remainder when 3862 is divided by 550?
12
What is the remainder when 1502 is divided by 26?
20
Calculate the remainder when 24748 is divided by 150.
148
Calculate the remainder when 121 is divided by 22.
11
Calculate the remainder when 120 is divided by 31.
27
What is the remainder when 863 is divided by 24?
23
Calculate the remainder when 896 is divided by 130.
116
Calculate the remainder when 719 is divided by 16.
15
Calculate the remainder when 793 is divided by 161.
149
Calculate the remainder when 215 is divided by 1.
0
What is the remainder when 105 is divided by 27?
24
Calculate the remainder when 3199 is divided by 20.
19
Calculate the remainder when 315 is divided by 128.
59
Calculate the remainder when 47 is divided by 28.
19
Calculate the remainder when 91 is divided by 46.
45
Calculate the remainder when 36 is divided by 20.
16
What is the remainder when 704 is divided by 21?
11
Calculate the remainder when 42 is divided by 25.
17
What is the remainder when 287 is divided by 99?
89
What is the remainder when 174 is divided by 45?
39
Calculate the remainder when 228 is divided by 177.
51
What is the remainder when 138 is divided by 69?
0
Calculate the remainder when 456 is divided by 77.
71
What is the remainder when 27 is divided by 21?
6
Calculate the remainder when 33 is divided by 6.
3
What is the remainder when 2401 is divided by 597?
13
What is the remainder when 342 is divided by 216?
126
What is the remainder when 1607 is divided by 14?
11
What is the remainder when 389 is divided by 18?
11
What is the remainder when 5543 is divided by 9?
8
Calculate the remainder when 1648 is divided by 410.
8
What is the remainder when 322 is divided by 36?
34
What is the remainder when 697 is divided by 210?
67
Calculate the remainder when 92 is divided by 8.
4
What is the remainder when 1368 is divided by 14?
10
Calculate the remainder when 1357 is divided by 29.
23
What is the remainder when 3407 is divided by 842?
39
Calculate the remainder when 3069 is divided by 83.
81
Calculate the remainder when 536 is divided by 110.
96
What 